-a + 5*b + 44 = 0, 0*b - 4*b - 20 = 0. Let m = 1 + 1. Calculate the remainder when a is divided by m - (3 + -1) - -7.
5
Let a be (-1)/(-6) + 2737/(-42). Let t = a - -92. Calculate the remainder when t is divided by 7.
6
Suppose 3*x - 4*x = -1. What is the remainder when 11 is divided by x/((-4)/28*-1)?
4
Suppose 5*r + 25 = 2*b - 24, -3*b - 5*r + 61 = 0. Let q = b + -2. Calculate the remainder when q is divided by 11.
9
Let n = 23 + -19. Suppose 0 = -l + 5*l - n*j - 100, 101 = 5*l + 3*j. What is the remainder when l is divided by 9?
4
Suppose 5*g = -43 + 123. What is the remainder when g is divided by 9?
7
Let d(a) = a - 9. Let o be d(11). Let r(t) = 9*t**3 + 4*t**2 - 2*t - 1. What is the remainder when r(o) is divided by 21?
20
Calculate the remainder when 18 + (-4 - (2 - 9)) is divided by 6.
3
Suppose -c - 19 = -5*d, -d + 1 - 2 = 0. Let h(n) = 7*n**3 + 3*n**2 + n. Let z be h(-2). Let t = c - z. What is the remainder when t is divided by 6?
4
Let y = 129 - 125. What is the remainder when 18 is divided by y?
2
Suppose 2*j = 4, 4*t - 2*t - 72 = -4*j. Suppose 2*i = 4*i - 94. Let a = i - 30. What is the remainder when t is divided by a?
15
Suppose 0 = 3*i, -2*c - 3*i = -5*c + 201. Calculate the remainder when c is divided by 17.
16
Suppose -15 = -3*m + j - 6*j, -5*j - 65 = -5*m. Calculate the remainder when 39 is divided by m.
9
Let d(l) = -l**2 + 16*l - 9. Calculate the remainder when 58 is divided by d(13).
28
Suppose 25 = -3*s - 2*s. Let j = -1 - s. What is the remainder when 11 is divided by j?
3
Let l = 147 - 107. What is the remainder when 199 is divided by l?
39
Let l(k) = -2 - 8*k + 3 + 0. Let s be l(1). Let z = 19 + s. Calculate the remainder when 35 is divided by z.
11
Let p = -38 + 75. Calculate the remainder when p is divided by 13.
11
Suppose -4*m - 9*m + 481 = 0. Calculate the remainder when 71 is divided by m.
34
Calculate the remainder when 10 is divided by (-57)/(-8) + (-1)/8.
3
Suppose q + 5 = 30. Suppose 3*z - 4 = 2*v + 1, -5*z - 5*v + q = 0. Suppose -22 - z = -j. What is the remainder when j is divided by 9?
7
Let q = -3 - -25. What is the remainder when q is divided by 8?
6
Let p be 9*(33/9 - 3). Suppose -p = v - 4*v. Calculate the remainder when v is divided by 1.
0
Suppose -5*a + 75 = -250. Let g = -34 + 51. Calculate the remainder when a is divided by g.
14
Let z(b) = 3*b**2 + b - 1. Let g(j) be the first derivative of 8*j**3 + j + 4. Calculate the remainder when g(-1) is divided by z(-2).
7
Suppose 35 = 3*c + 2*c. Suppose s - 4*k + 1 = c, 27 = -2*s - 5*k. Let y = 6 - s. What is the remainder when 35 is divided by y?
11
Let h(l) = l**2 - 15*l + 9. Let y be h(15). Let w = y - 5. Calculate the remainder when w is divided by 2.
0
Suppose -y + 4*y - 15 = 0. Suppose -2*f = -f - y*s - 49, f - 37 = s. What is the remainder when f is divided by 9?
7
Let n(p) = -2*p**2 + 14*p + 8. Let w = -3 - -4. Let l(y) = 14*y**2 + y - 1. Calculate the remainder when l(w) is divided by n(7).
6
Suppose 3*j = 12, 13 = 3*i - 4*j - 19. What is the remainder when 47 is divided by i?
15
Let c(d) = -7*d - 21. Calculate the remainder when c(-8) is divided by 9.
8
Let n = -3 - -3. Suppose x - 50 = -4*d - 0*d, x + 2 = n. What is the remainder when 50 is divided by d?
11
Suppose 137 = 4*g - 3*q, -g - 3*q = -q - 26. What is the remainder when g is divided by 11?
10
Let k(r) = r**3 - 5*r**2 - 9*r + 6. Calculate the remainder when k(7) is divided by 22.
19
Let v be 1*(-1 + 2 - -2). Suppose -3*u = 5*h + v + 5, -4*h = 16. Calculate the remainder when 10 is divided by u.
2
Let o(g) = -g + 7. Suppose -c = 4*c - 20. Let z be o(c). Suppose 0 = -3*d + 2*b + 31, -z*b + 1 = -2. Calculate the remainder when d is divided by 4.
3
Let n(i) = 2*i**2 - 2*i - 2. Let o be n(2). Suppose 4*z + x - 2*x - 220 = 0, -o*z = -x - 110. Calculate the remainder when z is divided by 19.
17
What is the remainder when (-1 - -44)*(2 + -1) is divided by 17?
9
Suppose -2*d + 7 = -d. Suppose -3*w + f = -d*w + 811, 2*f = 6. Suppose -5*a + a - v + w = 0, 0 = -4*v + 8. Calculate the remainder when a is divided by 17.
16
Let p = -4 + 7. Suppose 0 = -2*c + p*c - 14. Let d = 61 - 20. Calculate the remainder when d is divided by c.
13
Let r(v) = v + 8. Let a be r(-4). What is the remainder when 11 is divided by ((-14)/a)/((-4)/8)?
4
Suppose 2*f - 3*i = -5*i + 210, 5*f = -4*i + 523. What is the remainder when f is divided by 33 + -4 - 9/3?
25
Suppose -h + 4 = h. Calculate the remainder when 43 + -11 - (0 - h) is divided by 9.
7
Calculate the remainder when 31 is divided by -4 + 12/4 - -18.
14
Suppose -2*t - 3*t + 125 = 0. Calculate the remainder when t is divided by 14.
11
Suppose 22 = x + 4. Let s = -8 - -34. Suppose 2*r + 4*n - s = 0, -3*n = 5*r - x - 19. What is the remainder when 13 is divided by r?
3
Suppose -3*l - 3*t + 51 = 0, 2*t = -2*l + t + 31. Calculate the remainder when 78/4*(11 - 9) is divided by l.
11
Suppose -2*c + 25 = 3*c. Suppose -c*u = -4*u + 20. Let k = 33 + u. What is the remainder when k is divided by 5?
3
Let d(l) = -l**3 - 8*l**2 - 6*l + 9. What is the remainder when 5 is divided by d(-7)?
1
Let m = -41 + 71. Suppose -5*n + m + 15 = 0. Let t = 63 + -38. Calculate the remainder when t is divided by n.
7
Let h(j) = -j**3 + 5*j**2 + 2. Let m be h(3). Suppose -m*k + 16*k = -152. What is the remainder when k is divided by 10?
8
Suppose -71 = 3*v + 1. What is the remainder when 12 is divided by (-36)/v*20/6?
2
Let l(t) = -t**2 + 21*t - 50. What is the remainder when l(11) is divided by (-82)/(-4) + (-3)/(-6)?
18
What is the remainder when ((-92)/10)/(10/(-50)) is divided by 10?
6
Let c(t) = -t**2 - 6*t - 3. Let l be 1/(-4) + 34/8. Suppose -4*k = -2*d + l, -6 = k + k. What is the remainder when 9 is divided by c(d)?
4
Suppose -3*v + 6*o = 2*o - 10, v - 15 = -o. Suppose 5*m - 10*m + v = 0. Let q = 9 - 5. What is the remainder when q is divided by m?
0
What is the remainder when -1 + (-66)/(((-15)/10)/1) is divided by 9?
7
Let n(g) = -2*g + 9. Let c be n(-6). Let l = c - 4. What is the remainder when l is divided by 5?
2
Let u = 3 - -3. Suppose 6*n - n = -2*g + 246, 5*g = 3*n - 129. Suppose -5*i = -2 - n. Calculate the remainder when i is divided by u.
4
Let u be (-3)/(-4) + (-52)/(-16). Suppose -u*s + 9 = -s. Let b(x) = 2*x**2 - 3*x - 2. Calculate the remainder when 13 is divided by b(s).
6
Let j(d) = -4*d**2 + d - 29. Let m(a) = 11*a**2 - 3*a + 88. Let l(c) = 8*j(c) + 3*m(c). What is the remainder when l(0) is divided by (-1)/(-4) + 43/4?
10
Suppose -2*w - 38 = -66. What is the remainder when 40 is divided by w?
12
Let w(t) = 22*t**2 - 2*t - 1. What is the remainder when w(-2) is divided by 31?
29
Let t(l) = 3*l**2 - 4*l - 1. Calculate the remainder when t(3) is divided by 6.
2
Let k = -146 + 163. Calculate the remainder when 186 is divided by k.
16
Suppose 0 = -2*d + 4*t + 22, 5 = -d - 11*t + 9*t. Suppose 4*g - 51 = -5*u, 2 = -5*g - 3. What is the remainder when u is divided by d?
2
Suppose 0 - 12 = -3*j. What is the remainder when 16 is divided by (-132)/(-21) - j/14?
4
Let l = -3 - -5. Let w = 14 + -10. Suppose 5*u - g - 14 - 10 = 0, -3*u + 28 = -w*g. What is the remainder when u is divided by l?
0
Suppose 1 = o - 3. Suppose -48 = 4*a - o. Let u = a + 20. What is the remainder when 17 is divided by u?
8
Let s = 3 - 3. Suppose -4*i = s, 2*p = p - 2*i + 4. Suppose -p*r + r + 15 = 0. What is the remainder when r is divided by 2?
1
Suppose -5*x + 40 = -3*v - 2*v, -3*x - 4*v = -10. What is the remainder when 5/(2/(-4) + 1) is divided by x?
4
Calculate the remainder when (36/(-15))/(15/(-100)) is divided by 9.
7
Let n(x) = x**2 - 12*x - 32. What is the remainder when 37 is divided by n(15)?
11
Suppose -12 = -20*b + 17*b. What is the remainder when 18 is divided by b?
2
Let z = 82 - 71. Let w(h) = 7*h**2 + h + 1. Calculate the remainder when w(2) is divided by z.
9
Let o = 142 + -34. Calculate the remainder when o is divided by 22.
20
Let w be ((-1)/3)/((-8)/24). Calculate the remainder when 16 is divided by (0 - w) + 4 + 6.
7
Let f(k) = -16*k + 1. Let n be f(7). Let s = n + 160. Calculate the remainder when s is divided by (-34*2/(-4))/1.
15
Suppose 0 = -c + 34 + 3. Calculate the remainder when c is divided by 20.
17
Suppose 0 = -w - b + 181, -5*w + 712 = 4*b - 189. Suppose -o = -4*